In base 11, what is -5 + 549a73?
549a69
In base 12, what is -7 + -3317?
-3322
In base 5, what is -12432111 - -33?
-12432023
In base 13, what is 46c0 - -3?
46c3
In base 8, what is -22640 + -22?
-22662
In base 6, what is 444012 + -1?
444011
In base 10, what is 66 - 43621?
-43555
In base 11, what is -3639 - 111?
-374a
In base 16, what is 0 + 24463?
24463
In base 12, what is -b7 + 48aa?
47b3
In base 15, what is -2 + e8b5?
e8b3
In base 9, what is -245 + 653?
407
In base 8, what is -61 + -3647?
-3730
In base 8, what is -7 - 10264?
-10273
In base 4, what is 11 - -3002331?
3003002
In base 10, what is -9291 - -4?
-9287
In base 6, what is -255122 - -4?
-255114
In base 12, what is 4 + 2054?
2058
In base 9, what is 167336 - -17?
167354
In base 10, what is 0 + 23066?
23066
In base 15, what is 87b6 + -3?
87b3
In base 9, what is -2 + 27580?
27577
In base 5, what is -4 - -2100221?
2100212
In base 16, what is -33e - -f8?
-246
In base 7, what is -10126 + 33?
-10063
In base 5, what is -120423 + 1?
-120422
In base 14, what is 0 + -b83?
-b83
In base 15, what is -86 + -161d?
-16a4
In base 8, what is 4 + -133061?
-133055
In base 15, what is baab0 - 3?
baaac
In base 9, what is 5511 + -84?
5416
In base 9, what is -238 - 2088?
-2337
In base 14, what is -214 + -12?
-226
In base 10, what is -44146 - -5?
-44141
In base 7, what is -3012402 - -4?
-3012365
In base 13, what is -8 - -37c5?
37ba
In base 3, what is -1011000 + -21?
-1011021
In base 15, what is d + 1b9ea?
1ba08
In base 6, what is 4345 - -21053?
25442
In base 8, what is -5 + -571177?
-571204
In base 5, what is -2433 + -42103?
-100041
In base 6, what is 5 + 451154?
451203
In base 14, what is 2 + 125c8?
125ca
In base 11, what is 7 - -4962?
4969
In base 7, what is -44 - -1531?
1454
In base 10, what is 15 + 132447?
132462
In base 16, what is -239 - -b6f?
936
In base 13, what is 5491 + 3?
5494
In base 16, what is 8b - -59c?
627
In base 3, what is -1111202 - -200?
-1111002
In base 3, what is -101111222211 + -1?
-101111222212
In base 8, what is 374 + 504?
1100
In base 6, what is 52040 - -52?
52132
In base 9, what is -5170 - -30?
-5140
In base 5, what is -1104 + -140131?
-141240
In base 3, what is -20212 - 102122?
-200111
In base 9, what is -8546 + -5?
-8552
In base 16, what is -18f4cd + -4?
-18f4d1
In base 10, what is -29118 - -97?
-29021
In base 14, what is 2 + 19c42?
19c44
In base 11, what is 5a932 + 1a?
5a951
In base 5, what is -201003 - -103?
-200400
In base 7, what is -126351 + 11?
-126340
In base 15, what is 32 - -877?
8a9
In base 10, what is -7 + -9960?
-9967
In base 12, what is 2 - -3570?
3572
In base 10, what is -6947 - 2?
-6949
In base 11, what is 1 + 35165?
35166
In base 10, what is -44731 - -3?
-44728
In base 13, what is 307c + -a9?
2ca3
In base 3, what is 11 + -110221000?
-110220212
In base 5, what is 411134 - -3?
411142
In base 15, what is 61 - 60e?
-59d
In base 9, what is -4 + -67443?
-67447
In base 7, what is 350 + 3555?
4235
In base 12, what is -aa - 613?
-701
In base 2, what is 10011011000110 - 10000?
10011010110110
In base 12, what is -236 + 3567?
3331
In base 8, what is 4 + -4215?
-4211
In base 4, what is 12222213 + -30?
12222123
In base 12, what is 6b016 + 4?
6b01a
In base 11, what is 229 + 301?
52a
In base 11, what is 1 - -61?
62
In base 16, what is a7 + -47f?
-3d8
In base 3, what is 0 + 2011010021120?
2011010021120
In base 12, what is -9444 - 7?
-944b
In base 9, what is -18 + 4076?
4057
In base 11, what is 12485a - -1?
124860
In base 12, what is -106 + -b9?
-203
In base 5, what is -40432033 + -22?
-40432110
In base 11, what is 10839 + -3?
10836
In base 14, what is -245 - a0?
-305
In base 2, what is 0 - -1011001010100101010?
1011001010100101010
In base 4, what is 1 - 1201311?
-1201310
In base 6, what is 2542 - -1211?
4153
In base 9, what is 386 + 387?
784
In base 11, what is 5 + -a2894?
-a288a
In base 5, what is -4020220 + -244?
-4021014
In base 11, what is 2 - 205396?
-205394
In base 6, what is -50545 - -121?
-50424
In base 5, what is -324 + 4142?
3313
In base 11, what is -1488 + -5?
-1492
In base 10, what is -7 - 131498?
-131505
In base 7, what is -5 - 1242032?
-1242040
In base 14, what is 1 - -15c21?
15c22
In base 8, what is 23766 - -5?
23773
In base 7, what is 1540444 - 4?
1540440
In base 2, what is -1000 + -1000110101111100110?
-1000110101111101110
In base 3, what is 1102211221 + 20?
1102212011
In base 8, what is -3574 - -74?
-3500
In base 6, what is -152 - 214151?
-214343
In base 9, what is 37802 + 5?
37807
In base 8, what is 616664 + -3?
616661
In base 8, what is 241017 + -2?
241015
In base 5, what is -44014 + 43?
-43421
In base 7, what is 10 + 540?
550
In base 9, what is -23 - -237?
214
In base 6, what is -200321 - -1?
-200320
In base 3, what is -100 - 1211?
-2011
In base 4, what is 233003 - 10231?
222112
In base 9, what is 13711 - -6?
13717
In base 2, what is 1011110 + -101000101010?
-100111001100
In base 7, what is 21025 + 64?
21122
In base 3, what is 1020002 - 12110?
1000122
In base 8, what is 6 + 230425?
230433
In base 14, what is 4 - -3cd5a?
3cd60
In base 3, what is 12110212 - 2202?
12101010
In base 15, what is -89 + -16?
-a0
In base 16, what is 44 - -1d93?
1dd7
In base 2, what is 101 + -10100001001001011?
-10100001001000110
In base 5, what is 10 - 12042410?
-12042400
In base 16, what is -1be - 6ae?
-86c
In base 7, what is 2 + -4226216?
-4226214
In base 3, what is 121111202 + 22202?
121211111
In base 16, what is 6cce1 - 3?
6ccde
In base 13, what is -6253 + 5?
-624b
In base 14, what is aa35d + -5?
aa358
In base 2, what is 10011100101101001 - -101?
10011100101101110
In base 7, what is 6 + -1332605?
-1332566
In base 6, what is 33345 - 0?
33345
In base 4, what is -123 - -3203203?
3203020
In base 16, what is 2 - -746a7?
746a9
In base 8, what is -3707125 - 0?
-3707125
In base 3, what is 0 - 1021211112?
-1021211112
In base 9, what is 7 - 388753?
-388745
In base 13, what is 5 - 797?
-792
In base 11, what is 0 + -1a27?
-1a27
In base 5, what is -3 - 220120?
-220123
In base 14, what is -10b64 - 9?
-10b6d
In base 13, what is -3 - -10343?
10340
In base 2, what is 100010 + 10100001001?
10100101011
In base 5, what is 223441 + 10112?
234103
In base 4, what is 2 + 213332211?
213332213
In base 12, what is -1 + 178830?
17882b
In base 11, what is 0 - -2730?
2730
In base 8, what is -6625 - -1?
-6624
In base 3, what is 11 - -10211122?
10211210
In base 3, what is 2101 - 20221?
-11120
In base 8, what is 3 + 14221?
14224
In base 9, what is 336178 + 5?
336184
In base 4, what is -31122202 - -3?
-31122133
In base 7, what is -11 - -132315?
132304
In base 4, what is 111 - 2001?
-1230
In base 8, what is -5 - -305200?
305173
In base 10, what is 2 + 5560?
5562
In base 3, what is 1001 + 222121?
1000122
In base 5, what is 2 - 122340?
-122333
In base 15, what is 14 - -54c?
561
In base 7, what is -25111246 + -3?
-25111252
In base 7, what is -1154 - -5124?
3640
In base 4, what is -302233003 - 3?
-302233012
In base 3, what is -1 + 221202022?
221202021
In base 4, what is -32003 + -3?
-32012
In base 14, what is 30 - -4d1?
521
In base 14, what is -5 + 1a21b?
1a216
In base 3, what is -210010122 + 1120?
-210002002
In base 8, what is -13315 - -57?
-13236
In base 12, what is -36 - 11b83?
-11bb9
In base 2, what is -1100110111111111 + -10?
-1100111000000001
In base 5, what is 3303 + 42?
3400
In base 3, what is 11 - -21011202011?
21011202022
In base 4, what is -123001 + 131?
-122210
In base 4, what is -201320022 - 1?
-201320023
In base 5, what is 4 + 323013?
323022
In base 5, what is -11413 + 333?
-11030
In base 8, what is -3515 - -57?
-3436
In base 8, what is 145416 + -3?
145413
In base 8, what is 2 - 406010?
-406006
In base 15, what is 0 - -aeac?
aeac
In base 15, what is 3 - -33d0?
33d3
In base 12, what is -257a4 + -5?
-257a9
In base 2, what is 1000 - -1010010110111100100?
1010010110111101100
In base 5, what is 2401 - -2304?
10210
In base 11, what is 197616 + 5?
197620
In base 15, what is 1b6 + 2e48?
310e
In base 3, what is -10 + -202210022002?
-202210022012
In base 16, what is 5 - -5bc5?
5bca
In base 12, what is 27 - 16535?
-1650a
In base 5, what is 103221 + 22?
103243
In base 8, what is 42537 - 5?
42532
In base 11, what is 41260a + -1?
412609
In base 3, what is -112000221 - 2120?
-112010111
In base 3, what is 1101201 - -211?
1